 + 695. Is p prime?
False
Let m(g) = -3*g**3 + g**2 + 2*g + 1. Let x be (-74)/(-8) - 2/8. Let n = x - 12. Is m(n) prime?
False
Let y(u) = 2*u**3 + 3*u**2 - 4. Let q be y(3). Suppose 0 = -4*k + q + 159. Is k a prime number?
True
Let y(d) = 6*d + 4. Let t be y(6). Suppose -5*m + x - t = 0, 0*m - 2*m - 16 = 4*x. Is 1/2 + (-76)/m prime?
False
Let n be (-6)/2*(-16)/(-12). Is (-5 - -3)*114/n prime?
False
Suppose o - 7 = 52. Is o prime?
True
Let h = 39 + -13. Let k = h - 52. Let l = k + 79. Is l composite?
False
Let s(h) = -37*h + 4. Let l be s(7). Let q = 361 + l. Is q prime?
False
Let n(j) = -j**2 - 5*j. Let t be n(-6). Let u = t + 11. Suppose 2*i = u*p + 76, 80 = 5*i + 3*p - 79. Is i a prime number?
False
Let q(m) = m**2 + 2*m - 5. Let d(f) = f**3 + 4*f**2 - 3*f + 4. Let y be d(-5). Is q(y) a composite number?
False
Suppose 3*n - 66 = 6*n. Let b = -13 - n. Is 65/b + 4/(-18) prime?
True
Let w = 599 + -386. Is w a composite number?
True
Let x = 872 - 519. Is x prime?
True
Let k(y) = 8*y**2 - y + 1. Let s be k(1). Suppose -3*p - 15 = -4*g, -5*g + 7 = -5*p - s. Let f = 20 - g. Is f prime?
False
Suppose 3*a - 2984 = 343. Is a composite?
False
Is (1474 - -44) + 2/2*-1 composite?
True
Suppose 0 = 4*v - 7*v - 33. Let d(i) = -2*i + 15. Is d(v) a prime number?
True
Let x(m) = m**3 - 4*m**2 - 7*m. Let h be x(5). Let t = h + 10. Suppose 3*a + 2*a - 50 = t. Is a composite?
True
Let q = 2 + -2. Suppose -3*i - u + 33 = q, -3*i = -u - 43 + 10. Suppose 0 = -5*x - i + 26. Is x prime?
True
Let p be 0 + (3 - 0) - 6. Is p/(-12) + (-843)/(-4) composite?
False
Let u be (762/4)/(12/(-16)). Let d be 3/(-1)*u/6. Let c = d - 48. Is c a prime number?
True
Suppose -2*l + 5*a = a - 3746, 4*l - 4*a - 7480 = 0. Is l a prime number?
True
Suppose 27 = a - 5*c, c = 5*a - c - 20. Let m = -593 + 904. Suppose 5*q = a*g + 391, -4*q + 2*g - g + m = 0. Is q a composite number?
True
Let n(g) = -g**2 - 2*g + 0*g**3 + 3*g - g**3 + 1. Let i(a) = -2*a**3 + 6*a**2 - a - 2. Let c(q) = i(q) - n(q). Is c(6) a prime number?
False
Let j(v) be the second derivative of v**5/10 - 7*v**4/12 - v**3 - 4*v**2 + 6*v. Is j(7) composite?
False
Let l(q) = q**2 - 6*q + 3. Let m be l(6). Suppose 0 = -2*x - 4*s - 62, -m*s + s + 215 = -5*x. Let r = 75 + x. Is r prime?
False
Is 9592/10 + 3*2/(-30) prime?
False
Suppose 13 = -4*t - b, 3*t + 2*t = 3*b + 5. Let n(l) = l**3 + 2*l**2 + 2*l - 2. Let y be n(t). Is (-9)/y*(-56)/(-6) a prime number?
False
Let z(a) = -17*a - 37. Is z(-16) prime?
False
Let y(d) = -22*d - 33. Is y(-13) a composite number?
True
Let r(s) = 11*s**3 + 5*s**2 - 3*s - 2. Suppose -5*k + 8*d + 30 = 3*d, 9 = k - 2*d. Is r(k) composite?
False
Suppose 21*l = 22*l - 187. Is l composite?
True
Is 41*(4 - (2 + -5)) a prime number?
False
Let m(k) = -47*k**3 - 2*k + 2. Let w be m(1). Let a = 82 + w. Is a composite?
True
Suppose 3*r - 2*g = 5967, -5*g = r - 2*g - 2000. Is r composite?
True
Suppose 40*h = 39*h + 1973. Is h prime?
True
Suppose 0 = 5*g - g - 172. Let n = 7 + -31. Let s = g + n. Is s a composite number?
False
Let d = 6301 - 4140. Is d composite?
False
Let y(b) = 23*b - 14. Let l(g) = 12*g - 7. Let q(u) = 12*u - 7. Let n(w) = -3*l(w) + 2*q(w). Let h(p) = -9*n(p) - 4*y(p). Is h(6) composite?
False
Let g be 2 - 0 - (-6 - -4). Suppose g*i - 2080 = -756. Is i a prime number?
True
Suppose 4*c - 813 = -233. Is c composite?
True
Suppose 4*o + 5 = -o. Let j = -17 - -17. Is 0 - j - o*13 composite?
False
Is 1383 - (64/(-24) + (-4)/(-6)) a prime number?
False
Let j(h) = -h - 1. Let x(y) = -80*y**2 + 3. Let l(z) = j(z) - x(z). Let k(c) be the first derivative of l(c). Is k(1) a prime number?
False
Let g be (-1 - -2)/((-1)/(-307)). Let p = -184 + g. Is p composite?
True
Suppose -835 = -4*v + 3*h, v - 3*h - 205 = -h. Is v prime?
True
Let t = -1130 + 1881. Is t a composite number?
False
Let y(t) = -9 + 19*t + 0 - 3*t. Is y(6) a prime number?
False
Suppose 3*b + 3*p + 28 = 8*b, 4*b + 4*p - 16 = 0. Suppose -4 + 39 = b*f. Suppose -2*r = -r - f. Is r a composite number?
False
Let b(i) = -343*i + 2. Is b(-9) a prime number?
True
Let d(v) = 42*v + 13. Is d(7) composite?
False
Suppose 0 = -w + 4*p + 5, -2*w + 5*w - p + 7 = 0. Is 13 - (-3)/w*-1 composite?
True
Let p(g) = g**2 + 4*g. Let h be p(-4). Suppose -a = 4*a - 2*r - 1007, h = -3*a + r + 605. Is a composite?
True
Let b(t) = 3*t + 3. Suppose 4*x = 7 + 17. Is b(x) prime?
False
Is 0 - -216 - (-2 + 0) prime?
False
Suppose -5*u - 1738 = -3*o + 2*o, -u - 6971 = -4*o. Is (o/(-6))/1*-2 a prime number?
False
Suppose -c - 1 = -2. Let u be 3 + -1 + 1/c. Suppose 5*z - u*y - 71 = -0*z, 4*z - 3*y - 58 = 0. Is z a composite number?
False
Suppose k + 2 = 3*k. Let n = k - 5. Let i = n + 10. Is i a prime number?
False
Suppose -5*j = 5*c, 4*j - 18 = -4*c + 6*j. Suppose -750 = -3*d - c*b, 4*d + 3*b = -0*d + 1004. Is d composite?
True
Let x be 4 - (-2 - -3)/1. Suppose f = x*f - 782. Is f a prime number?
False
Let r = -87 + 164. Is r a prime number?
False
Let u(y) = -64*y + 1. Is u(-7) a prime number?
True
Let v be ((-3)/4)/((-1)/(-28)). Let u(h) = 2*h**2 - 7*h + 5. Let w be u(6). Let y = w + v. Is y composite?
True
Suppose 0 = -4*l + l + 12. Suppose -4*a + d = 5*d, -l*d = 16. Let r(h) = 2*h**2 - 4*h + 3. Is r(a) a prime number?
True
Suppose 7*n - 11*n - 8 = 0. Suppose -w - 3*w + 84 = 0. Let f = n + w. Is f a prime number?
True
Suppose -2*n = -4*h - 2774, 2*n - 5*h + 5613 = 6*n. Is n a prime number?
False
Suppose 0 = -2*b + o - 2*o + 14, 0 = -5*b - 4*o + 35. Let x(l) = l - 1. Is x(b) composite?
True
Let f = 6 + -4. Suppose 2*a + 5 - 1 = 2*w, -2*a = 4*w + 4. Suppose w = -f*c + 62 - 24. Is c composite?
False
Let h(y) = 9*y**2 + 2*y + 1. Let k be h(-1). Let t(p) = 0 - k*p - 1 - 4. Is t(-5) a prime number?
False
Let x(a) = 5*a + 1. Let z be x(-6). Let c = z + 160. Is c a composite number?
False
Suppose -2*k + 2 = -8. Suppose -k*n + 15 + 30 = 0. Is n composite?
True
Suppose 3*j - 81 = 3*w, -5*w = 3*j - 6*j + 129. Let l = 36 + w. Suppose 5*f + l - 407 = 0. Is f prime?
True
Is (8/(-3) - -2) + 6788/12 composite?
True
Suppose 0 = -x - 3 + 11. Suppose -2*j + x = 0, 2*j = -5*c - 220 + 538. Suppose 2*s + c = 4*s. Is s a prime number?
True
Let u(h) be the second derivative of h**5/20 - h**2/2 - 2*h. Let a(w) = -6*w**3 + w**2 + w - 72. Let r(x) = -a(x) - 5*u(x). Is r(0) composite?
True
Let a = 13 + -11. Suppose -a*n = -2, 2*n = -3*w + 6*n + 62. Is w a prime number?
False
Suppose 4*f = -4*g - 184, 1 - 11 = -5*f. Is 2/(-2) + g/(-2) a prime number?
True
Let w = -400 - -693. Is w a composite number?
False
Is ((-809)/2)/((-1)/(1 + 1)) a composite number?
False
Suppose -7*z - 5*o + 165 = -2*z, 3*o = 4*z - 160. Is (3 - -1)/(-2) + z prime?
False
Let f(w) = w**3 - 10*w**2 + 8*w + 1. Let q be f(6). Let d = 164 + q. Is d prime?
False
Let u(d) = -70*d + 6. Let j be u(-5). Suppose 0*i = -i + 97. Let n = j - i. Is n prime?
False
Let q = -7 + 34. Suppose 47 = 2*r - q. Is r a prime number?
True
Suppose -20 = -y + i, -6*y + 2*y + 80 = -3*i. Suppose -5*r - 4*d = -31 + 5, -3*d = 4*r - y. Suppose 0 = 2*t + r*t - 156. Is t a prime number?
False
Let u(c) = -c**2 + 3*c - 1. Suppose -5*t = 20 - 5. Let l be u(t). Let d = 44 + l. Is d prime?
False
Suppose 0 = 4*u - 5731 + 143. Is u composite?
True
Let a(v) = v + 2. Let y(l) = -2*l + 1. Let r be y(-1). Let c be a(r). Suppose 0 = -0*s - c*s + 105. Is s a composite number?
True
Let f(c) = 150*c**2 + c. Is f(-1) a composite number?
False
Let q = 14 + -10. Let a = q - 4. Let p(r) = -r**2 + r + 35. Is p(a) prime?
False
Suppose -5*o = w - 25, -2*o + 27 = o + 3*w. Let v(j) = -4*j**2 + 2*j**2 + j**2 + 3*j**3 + 3 + 2*j**2. Is v(o) a prime number?
True
Let l(h) = 345*h**3 - 3*h**2 - 2*h + 7. Is l(3) composite?
True
Suppose -5*i - 3*d = d - 54849, -3*i + 32935 = -4*d. Is i a composite number?
False
Let j = 7 - 9. Is 51 + (0/(-4))/j a prime number?
False
Is (-783)/6*(-10)/15 composite?
True
Suppose -2*l + 5*l - 18 = 0. Is 92/l - (-1)/(-3) composite?
True
Suppose 2*a + 3*a - 1735 = 0. Is a composite?
False
Suppose -4*c + 4*h + 1328 = 0, -c = -0*c - 3*h - 334. Is c a prime number?
True
Suppose 0*t = -2*t - 156. Is (-2)/(-13) + (-2874)/t a prime number?
True
Let m(t) = -3*t**2 + 8*t - 9. Let b be m(8). Let h = -450 - b. Let w = -200 - h. Is w a composite number?
False
Let m = -22 + 7. Le